*p = -0*p - 6. Let d(q) = q**2 + 5*q - 7. List the prime factors of d(g).
7
Let p(d) = -d**2 + d. Let c be p(0). Suppose -3*y + 75 = 3*b, -4*b + 9*b + 4*y - 126 = c. List the prime factors of b.
2, 13
Let p(r) = r**3 + 7*r**2 - 8*r + 4. Let h be p(-8). Suppose -114 + 34 = -h*y. What are the prime factors of y?
2, 5
Suppose 4*c = -6 + 42. List the prime factors of c.
3
Let r be 2 - -9 - (2 + -1). What are the prime factors of (r + -1)/(4/12)?
3
Let o(m) = 6*m**2 - 5. List the prime factors of o(3).
7
Let m = 1 - -2. Suppose 0*k - 2*k + 15 = 3*g, -m*k - 5*g = -25. Suppose 4*j - 3*y - 1 - 20 = k, 4*j - 41 = -y. What are the prime factors of j?
3
Let z be 8/4 - (-3)/1. Suppose -29 = -0*h - 2*h - 5*p, 5*p - 33 = -4*h. List the prime factors of (h/z)/(1/15).
2, 3
Suppose 332 = 4*d - 2*z - 2*z, 3*z - 383 = -5*d. List the prime factors of d.
79
Suppose 2*u + 5*l = -u + 29, 5*u = 5*l - 5. Suppose 3*k = u + 6. What are the prime factors of (-2)/((k/3)/(-5))?
2, 5
Suppose 0 = w - 3*u - 62, -3*u + 20 = u. Suppose 5*r = -6*h + h + 85, -5*h + w = -3*r. What are the prime factors of h?
2
Let y be 160/8 - (-1 - 2). Suppose -y = -m - 0. What are the prime factors of m?
23
Suppose 5*w - 6 = -w. Let q(f) = 59*f**3 - f**2 - f + 1. What are the prime factors of q(w)?
2, 29
Let u be (-2 - -1) + (-1)/(-1). Let o(k) = -k**3 + k**2 + k + 8. List the prime factors of o(u).
2
Let n(v) = -7*v + 1. Suppose 2 = -2*t - b + 5, -3*t = 5*b - 1. Let i be n(t). Let q = i - -21. What are the prime factors of q?
2
Let a(i) = i**3 - i**2 + 2*i + 108. List the prime factors of a(0).
2, 3
Let y be -3*(15/(-9) - 0). Suppose 0*s = y*a + 2*s - 100, -59 = -2*a + 3*s. List the prime factors of a.
2, 11
Let s = 98 + 127. What are the prime factors of s?
3, 5
Suppose 41 = -4*c - 15. List the prime factors of ((-12)/c)/((-4)/(-14)).
3
Suppose -3 = -3*z + 3*a, -2*a = -z + 2 - 3. Let v(k) = 9*k**3 + k - 18*k**z + 5 - 4. List the prime factors of v(-1).
3
Let m(j) = j**2 + 8*j + 9. Let f be m(-7). Suppose f*u + 0*u - 2 = 0, 0 = 2*t + 2*u - 28. What are the prime factors of t?
13
List the prime factors of 1 + 42 - (-1)/(-1).
2, 3, 7
Let a(b) = 8*b - 10. What are the prime factors of a(13)?
2, 47
Let n(q) = 0*q + 2*q - 4*q. List the prime factors of n(-1).
2
Let j be 24/18*(-1 + -2). Let w(c) = -c**2 - 8*c - 3. Let o be w(j). Suppose -5*v = -o - 2. What are the prime factors of v?
3
Let y be ((-6816)/16)/(-1 - 0). What are the prime factors of 6/(-21) + y/21?
2, 5
Let a(v) = -v**3 - 12*v**2 - 13*v + 22. List the prime factors of a(-11).
2, 11
Let x = -9 - -9. Suppose x = 3*r - 5*l - 72, 0 = 3*r + 4*l - 3*l - 54. What are the prime factors of r?
19
Let d = 1 + -1. Suppose d = y + y - 50. List the prime factors of y.
5
Let x be -2 + (6*2)/2. Suppose -5*m + 18 = -x*m. List the prime factors of m.
2, 3
Suppose -5*i + 29 = -281. What are the prime factors of i?
2, 31
Suppose 5*z + 1 = 6. What are the prime factors of z - (1 - -1)/(-1)?
3
Let r = 21 - 33. Let v be (r/9)/((-4)/54). Let l = -7 + v. What are the prime factors of l?
11
Let t(f) = 3*f**2 - 3*f - 16. List the prime factors of t(5).
2, 11
Let n(o) = 7*o**3 - 2*o**2 - 3*o + 3. Let w(u) = 8*u**3 - u**2 - 4*u + 4. Let d(a) = 7*n(a) - 6*w(a). List the prime factors of d(8).
3, 7
Let m(a) be the first derivative of a**2 - 7*a - 7. Suppose -4*i - i = -30. What are the prime factors of m(i)?
5
Suppose -5*p + 1335 - 525 = 0. What are the prime factors of p?
2, 3
What are the prime factors of (-10 + 0)*(-2)/(-5) - -235?
3, 7, 11
What are the prime factors of 1/5 - (-624)/30?
3, 7
Let g = 122 + -71. What are the prime factors of g?
3, 17
Let i(r) = -r**2 - 7*r + 8. Let n be i(-8). Suppose -d - d + 224 = n. Suppose 5*x + 27 = d. List the prime factors of x.
17
List the prime factors of 4/(1 + -5) + 41.
2, 5
Let x = -2 - -3. Suppose -5*r - x = -26. What are the prime factors of r?
5
Let i = 265 + -154. What are the prime factors of i?
3, 37
Suppose 0 = -3*v - i + 140, -2*v - 3*i + 0 = -105. Suppose -4*j + 5*g = -16 - 22, -5*j = -5*g - v. What are the prime factors of j?
7
Let j = 8 - 4. Suppose -2*s + 141 = -5*w - s, -j*w = 2*s + 124. Let m = w + 48. What are the prime factors of m?
19
Let u(j) = 5*j - 7. Let c be u(3). Let k(d) = -d**3 + 8*d**2 + 6*d. List the prime factors of k(c).
2, 3
Suppose -h - 1 = b, -b - h = -2*b + 5. Let r be (1 - b)*0/(-4). Suppose -3*t = 2*o - 32, r = 2*o + 2*o - 2*t - 32. List the prime factors of o.
2, 5
Let w = 84 + -84. Let m = -5 + 11. Let o = w + m. List the prime factors of o.
2, 3
Let g(f) = -8*f - 3. What are the prime factors of g(-6)?
3, 5
Let p(j) = -j**3 + 5*j**2 + 6*j. Let x be p(6). Let u(d) = d**2 + d + 5. Let y be u(x). Suppose 5*k - y*n = 0, -k - 2*n + 20 = 2*n. List the prime factors of k.
2
Suppose 0 = 3*p - 3*x - 516, 4*x - 868 = -5*p + x. List the prime factors of p.
173
Suppose 0 = -3*t + 2*b - b - 70, t = b - 24. Let z = t + 3. Let x = z + 31. List the prime factors of x.
11
Let z be (-7 - 2)*(1 + -2). Suppose c + 21 = v, -v = -2*v - 5*c - z. What are the prime factors of v?
2
Let x(a) = -1 - 5*a + 0 + 4*a. Let h be x(-3). Suppose -h*q + 20 = 4. What are the prime factors of q?
2
Let f(r) = 5*r**3 - 27*r**2 + 19*r - 3. Let o(g) = 3*g**3 - 18*g**2 + 13*g - 2. Let n(y) = -5*f(y) + 8*o(y). What are the prime factors of n(-10)?
3
Suppose -3 = 4*b - 27. List the prime factors of b.
2, 3
Suppose 2*u = -4*u - 48. Suppose 5*h - h + 72 = 0. Let i = u - h. List the prime factors of i.
2, 5
Suppose 32 = 4*j - 4*a, -3*j + 40 = -5*a + 8. Suppose -j*z + o - 3*o = 2, 2*z - 5*o - 29 = 0. Suppose 5 = z*v - v. List the prime factors of v.
5
Let o be -2*(2 + -1 + -2). What are the prime factors of -1*(-8 - o) - -1?
11
List the prime factors of 1*130*-1*(-1 + 0).
2, 5, 13
Let v = 7 - 14. Let d = -6 - v. List the prime factors of 1*(0/d + 2).
2
List the prime factors of 11*(1 + 0)*13.
11, 13
Let h = -4 + 0. Let m = -7 - h. Let c = m - -5. What are the prime factors of c?
2
Suppose 62 = 5*k - 163. List the prime factors of k.
3, 5
List the prime factors of -11*5/10*14/(-1).
7, 11
Suppose 3*q - 2*q = 2. List the prime factors of -1 - (1 - (6 + q)).
2, 3
Suppose -111 = -5*y + 14. List the prime factors of y.
5
Let y(c) = -c + 6. Suppose 0 = -3*z - 0*z. Let i be y(z). Suppose 0*d = 2*s - 4*d + i, -1 = 2*s - 3*d. List the prime factors of s.
7
Let s(b) = 0*b + 0*b - 3*b + 1 - 2*b. List the prime factors of s(-3).
2
Suppose -3*g = -0*g - 3. Suppose g = 2*l - 5. Suppose 0 = l*u + 5*a, 0*a = 2*u - 5*a - 25. List the prime factors of u.
5
Let x(h) = -h**3 + 8*h**2 + 10*h - 9. Let f be x(9). Let z(s) = s**2 - s + 8. What are the prime factors of z(f)?
2
Let n be (-3)/(-9)*3*18. Let m = n + -26. List the prime factors of ((-4)/(-5))/(m/(-60)).
2, 3
Let m(p) = -p + 16. Let t(x) = x + 2. Let l be t(9). List the prime factors of m(l).
5
Let q(n) = n - 9. Let l be q(5). Let b be l/6*1*6. What are the prime factors of ((-2)/b)/(1/14)?
7
Suppose 5*u - 4*u = 71. What are the prime factors of u?
71
Let j(z) = z**2 + 4*z - 3. Let p(o) = -o**2 + 4*o - 2. Let c be p(3). Let b be (c*-18)/3*1. List the prime factors of j(b).
3
Suppose l - 9 = -2*l. List the prime factors of 10 + l/(-2 - -3).
13
Let x(g) = 23*g - 16*g + 3*g**2 - 2*g**2 - 7. Let u be x(-8). Suppose w - 3 = u. What are the prime factors of w?
2
What are the prime factors of ((-16)/6 + 4)/((-4)/(-102))?
2, 17
Let m(v) = -v**2 - v**2 + v**2 - 8*v + 2. Let t be m(-8). What are the prime factors of t/(-6) + 26/6?
2
Suppose 3*k = -a + 26, -15 = -7*a + 4*a. Let w = 0 + 0. Let u = k - w. List the prime factors of u.
7
Let h be (1 - 1)/(0 + -1). Suppose 3*m = h, -t - m + 9 = -1. Let q = 9 + t. List the prime factors of q.
19
Suppose 0*p - 8 = -3*c + 2*p, 0 = -c + 5*p + 20. Suppose c = -3*b + b + 6. List the prime factors of b.
3
Let q(b) = b**3 - 6*b**2 + b - 4. Let x be q(6). Suppose -3*z - 48 = -3*p, 0*p - 4*p = -x*z - 56. List the prime factors of p.
2, 3
Suppose -6*c + 2*c = -3*r + 15, 5*c = 0. Suppose -3*i + 1 = -r*f + 2, 2*i + 4 = 5*f. List the prime factors of i.
3
Suppose 5*c - 2*z - 18 = 2*z, -4*c + 4 = 2*z. Suppose c*l + 0 = 30. What are the prime factors of l?
3, 5
Let t = -3 + 5. Let i(u) = 2 + 0*u**2 - 6*u + 3*u + u**t. List the prime factors of i(4).
2, 3
Let m(x) = x - 6